{"id":2325,"date":"2026-02-28T13:50:22","date_gmt":"2026-02-28T12:50:22","guid":{"rendered":"https:\/\/www.kurr.org\/?post_type=werk&#038;p=2325"},"modified":"2026-02-28T13:59:28","modified_gmt":"2026-02-28T12:59:28","slug":"ak-47","status":"publish","type":"werk","link":"https:\/\/www.kurr.org\/en\/werk\/ak-47\/","title":{"rendered":"AK 47"},"content":{"rendered":"\n<p><sub>Das gew\u00e4hlte Format bildet die Figuren in Lebensgr\u00f6\u00dfe ab.<\/sub> <\/p>\n\n\n\n<p><sub>Bildunterschriften: links arabisch, rechts deutsch.<\/sub><\/p>\n\n\n\n<p><sub>Texte und Fotografien stehen scheinbar spiegelbildlich zu einander.<\/sub><\/p>\n\n\n\n<p><sub>Die beiden Bildunterschriften beschreiben den Hergang der zur Erstellung des Fotos f\u00fchrte. Sie sind jeweils aus der Perspektive des jemenitischen Mannes auf arabisch und des deutschen Mannes auf deutsch verfasst.<\/sub><\/p>\n\n\n\n<p><sub>Die Texte wurden von Sami Rustom und Stephan Kurr geschrieben.<\/sub><\/p>\n\n\n\n<p><sub>Foto: Ralph Feiner<\/sub><\/p>\n\n\n\n<p><sub>Der Titel \u201eAK47\u201c leitet sich von der Typenbezeichnung der Waffe die im Bild ab, die \u00fcblicherweise als Kalashnikov bezeichnet wird.<\/sub><\/p>\n\n\n\n<figure class=\"wp-block-image size-full\"><img loading=\"lazy\" decoding=\"async\" width=\"1059\" height=\"548\" src=\"https:\/\/www.kurr.org\/wp-content\/uploads\/2026\/02\/Sami-1-pdf.jpg\" alt=\"\" class=\"wp-image-2336\"\/><\/figure>\n\n\n\n<p class=\"has-small-font-size\" style=\"font-style:italic;font-weight:400\">Im Fr\u00fchjahr 1992 wanderte ich mit meinem Freund Ralph von At-Tawila nach Al-Mahwit im Jemen. Auf halber Strecke kam uns ein Mann entgegen. Er trug einen Karton voller Gem\u00fcse. Er sprach uns an und bat uns ein Foto zu machen. Jeder Ausl\u00e4nder h\u00e4tte einen Fotoapparat dabei, sagte er und er h\u00e4tte kein Foto von sich selbst. Dann sagte er, er wolle ein Foto zusammen mit einem von uns, das sei ihm eine besondere Ehre. Und so entschied Ralph, der Photograph ist, dass er das Foto machen w\u00fcrde. Pl\u00f6tzlich gab der Mann mir seine Kalaschnikow AK-47, damit ich sie auf dem Foto tragen w\u00fcrde. Dann nahm er meine Hand, Ralph machte das Foto. <\/p>\n\n\n\n<p class=\"has-small-font-size\" style=\"font-style:italic;font-weight:400\">Er konnte uns keine Postadresse nennen, weshalb wir ihm nie das Foto senden konnten. Dennoch gibt es nun ein Bild von ihm, so wie er es sich vorgestellt hatte.<\/p>\n\n\n\n<p class=\"has-small-font-size\" style=\"font-style:italic;font-weight:400\">Foto: Ralph Feiner<\/p>\n","protected":false},"featured_media":0,"template":"","tags":[],"themen":[36,33],"class_list":["post-2325","werk","type-werk","status-publish","hentry","themen-fotografie","themen-geographie"],"acf":[],"_links":{"self":[{"href":"https:\/\/www.kurr.org\/en\/wp-json\/wp\/v2\/werk\/2325","targetHints":{"allow":["GET"]}}],"collection":[{"href":"https:\/\/www.kurr.org\/en\/wp-json\/wp\/v2\/werk"}],"about":[{"href":"https:\/\/www.kurr.org\/en\/wp-json\/wp\/v2\/types\/werk"}],"wp:attachment":[{"href":"https:\/\/www.kurr.org\/en\/wp-json\/wp\/v2\/media?parent=2325"}],"wp:term":[{"taxonomy":"post_tag","embeddable":true,"href":"https:\/\/www.kurr.org\/en\/wp-json\/wp\/v2\/tags?post=2325"},{"taxonomy":"themen","embeddable":true,"href":"https:\/\/www.kurr.org\/en\/wp-json\/wp\/v2\/themen?post=2325"}],"curies":[{"name":"wp","href":"https:\/\/api.w.org\/{rel}","templated":true}]}}

<p><sub>Das gewählte Format bildet die Figuren in Lebensgröße ab.</sub> </p>



<p><sub>Bildunterschriften: links arabisch, rechts deutsch.</sub></p>



<p><sub>Texte und Fotografien stehen scheinbar spiegelbildlich zu einander.</sub></p>



<p><sub>Die beiden Bildunterschriften beschreiben den Hergang der zur Erstellung des Fotos führte. Sie sind jeweils aus der Perspektive des jemenitischen Mannes auf arabisch und des deutschen Mannes auf deutsch verfasst.</sub></p>



<p><sub>Die Texte wurden von Sami Rustom und Stephan Kurr geschrieben.</sub></p>



<p><sub>Foto: Ralph Feiner</sub></p>



<p><sub>Der Titel „AK47“ leitet sich von der Typenbezeichnung der Waffe die im Bild ab, die üblicherweise als Kalashnikov bezeichnet wird.</sub></p>



<figure class="wp-block-image size-full"><img loading="lazy" decoding="async" width="1059" height="548" src="https://www.kurr.org/wp-content/uploads/2026/02/Sami-1-pdf.jpg" alt="" class="wp-image-2336"/></figure>



<p class="has-small-font-size" style="font-style:italic;font-weight:400">Im Frühjahr 1992 wanderte ich mit meinem Freund Ralph von At-Tawila nach Al-Mahwit im Jemen. Auf halber Strecke kam uns ein Mann entgegen. Er trug einen Karton voller Gemüse. Er sprach uns an und bat uns ein Foto zu machen. Jeder Ausländer hätte einen Fotoapparat dabei, sagte er und er hätte kein Foto von sich selbst. Dann sagte er, er wolle ein Foto zusammen mit einem von uns, das sei ihm eine besondere Ehre. Und so entschied Ralph, der Photograph ist, dass er das Foto machen würde. Plötzlich gab der Mann mir seine Kalaschnikow AK-47, damit ich sie auf dem Foto tragen würde. Dann nahm er meine Hand, Ralph machte das Foto. </p>



<p class="has-small-font-size" style="font-style:italic;font-weight:400">Er konnte uns keine Postadresse nennen, weshalb wir ihm nie das Foto senden konnten. Dennoch gibt es nun ein Bild von ihm, so wie er es sich vorgestellt hatte.</p>



<p class="has-small-font-size" style="font-style:italic;font-weight:400">Foto: Ralph Feiner</p>
