{"id":2101,"date":"2025-01-20T22:53:23","date_gmt":"2025-01-20T21:53:23","guid":{"rendered":"https:\/\/www.kurr.org\/?post_type=werk&#038;p=2101"},"modified":"2025-11-08T23:35:21","modified_gmt":"2025-11-08T22:35:21","slug":"bezeichnung-fassade","status":"publish","type":"werk","link":"https:\/\/www.kurr.org\/en\/werk\/bezeichnung-fassade\/","title":{"rendered":"Bezeichnung"},"content":{"rendered":"\n<p>Der Titel <strong><em>Bezeichnung<\/em><\/strong> leitet sich aus der Idee ab, sich in das entstehende Schulgeb\u00e4ude einzuschreiben zu wollen; im w\u00f6rtlichen Sinne das Geb\u00e4ude zu bezeichnen und im \u00fcbertragenen Sinn seine Funktionen zu bezeichnen.<\/p>\n\n\n\n<p>Die Kunst f\u00fcr den Neubau der Clayschule entstand in Kooperation mit der K\u00fcnstlerin Silke Riechert. Sie wurde partizipativ mit der Schule erarbeitet und im laufenden Prozess mit den Architekten und den jeweiligen Gewerken abgestimmt. Daf\u00fcr stand die gesamte Planungs- und Bauphase zur Verf\u00fcgung.<\/p>\n\n\n\n<p>Der <strong><a href=\"https:\/\/www.bezeichnung.org\/\">Entstehungsprozess und seine Ergebnisse<\/a><\/strong> wurden \u00fcber eine Homepage kommuniziert und dokumentiert.<\/p>\n\n\n\n<p>Kunst wurde an drei verschiedenen Orten ins Geb\u00e4ude implementiert.<\/p>\n\n\n\n<p>F\u00fcr die Aussenfassade entstanden an 5 verschiedenen Stellen Word Clouds.<\/p>\n\n\n\n<p>Die W\u00f6rter f\u00fcr die Wortwolken wurden 2020 w\u00e4hrend der Covid-Kontaktbeschr\u00e4nkungen gesammelt. Mit Plakaten und Rundmails wurden Akteure der Schule aufgefordert \u00fcber eine Onlineplattform je ein Nomen, Verb und Adjektiv einzusenden. Die eingereichten Worte wurden sortiert, fragmentiert und in geplantem Mauerwerksverband eingef\u00fcgt. Rund 1.200 Formlinge wurden vor dem Brand entnommen, bestempelt, anschlie\u00dfend gebrannt und schlie\u00dflich vermauert.<\/p>\n\n\n\n<figure class=\"wp-block-image size-large\"><img loading=\"lazy\" decoding=\"async\" width=\"1240\" height=\"991\" src=\"https:\/\/www.kurr.org\/wp-content\/uploads\/2025\/01\/fassade-ausschnitt3-1240x991.jpg\" alt=\"\" class=\"wp-image-2116\" srcset=\"https:\/\/www.kurr.org\/wp-content\/uploads\/2025\/01\/fassade-ausschnitt3-1240x991.jpg 1240w, https:\/\/www.kurr.org\/wp-content\/uploads\/2025\/01\/fassade-ausschnitt3-700x559.jpg 700w, https:\/\/www.kurr.org\/wp-content\/uploads\/2025\/01\/fassade-ausschnitt3-768x614.jpg 768w, https:\/\/www.kurr.org\/wp-content\/uploads\/2025\/01\/fassade-ausschnitt3-1536x1227.jpg 1536w, https:\/\/www.kurr.org\/wp-content\/uploads\/2025\/01\/fassade-ausschnitt3-2048x1636.jpg 2048w\" sizes=\"auto, (max-width: 1240px) 100vw, 1240px\" \/><\/figure>\n\n\n\n<p class=\"has-text-align-right has-small-font-size\"><em>Ausschnitt einer word cloud f\u00fcr die Fassade<\/em><\/p>\n\n\n\n<p class=\"has-small-font-size\"><strong>Links zu<\/strong>: <a href=\"https:\/\/www.privatziegelei-hebrok.de\/referenzen\/clay-schule-berlin-bil-4721\" data-type=\"link\" data-id=\"https:\/\/www.privatziegelei-hebrok.de\/referenzen\/clay-schule-berlin-bil-4721\">Ziegelei Hebrok<\/a> \/ Film von <a href=\"https:\/\/vimeo.com\/947376228\">Theo Thiesmeier<\/a> \/ Geb\u00e4ude <a href=\"https:\/\/www.staab-architekten.com\/de\/projects\/498-clay-schule-berlin?t=project\">Staab Architekten<\/a> \/ <a href=\"https:\/\/revolver-publishing.com\/bezeichung.html\">Buch<\/a> zum Projekt \/ Artikel von <a href=\"https:\/\/www.bauwelt.de\/dl\/2288541\/58_bis_73_Praxis.pdf\" data-type=\"link\" data-id=\"https:\/\/www.bauwelt.de\/dl\/2288541\/58_bis_73_Praxis.pdf\">Bauwelt 21.2025<\/a><\/p>\n\n\n\n<p><\/p>\n","protected":false},"featured_media":0,"template":"","tags":[],"themen":[37,26,27,31],"class_list":["post-2101","werk","type-werk","status-publish","hentry","themen-kunst-am-bau","themen-oeffentlicher-raum","themen-partizipation","themen-wortbilder"],"acf":[],"_links":{"self":[{"href":"https:\/\/www.kurr.org\/en\/wp-json\/wp\/v2\/werk\/2101","targetHints":{"allow":["GET"]}}],"collection":[{"href":"https:\/\/www.kurr.org\/en\/wp-json\/wp\/v2\/werk"}],"about":[{"href":"https:\/\/www.kurr.org\/en\/wp-json\/wp\/v2\/types\/werk"}],"wp:attachment":[{"href":"https:\/\/www.kurr.org\/en\/wp-json\/wp\/v2\/media?parent=2101"}],"wp:term":[{"taxonomy":"post_tag","embeddable":true,"href":"https:\/\/www.kurr.org\/en\/wp-json\/wp\/v2\/tags?post=2101"},{"taxonomy":"themen","embeddable":true,"href":"https:\/\/www.kurr.org\/en\/wp-json\/wp\/v2\/themen?post=2101"}],"curies":[{"name":"wp","href":"https:\/\/api.w.org\/{rel}","templated":true}]}}

<p>Der Titel <strong><em>Bezeichnung</em></strong> leitet sich aus der Idee ab, sich in das entstehende Schulgebäude einzuschreiben zu wollen; im wörtlichen Sinne das Gebäude zu bezeichnen und im übertragenen Sinn seine Funktionen zu bezeichnen.</p>



<p>Die Kunst für den Neubau der Clayschule entstand in Kooperation mit der Künstlerin Silke Riechert. Sie wurde partizipativ mit der Schule erarbeitet und im laufenden Prozess mit den Architekten und den jeweiligen Gewerken abgestimmt. Dafür stand die gesamte Planungs- und Bauphase zur Verfügung.</p>



<p>Der <strong><a href="https://www.bezeichnung.org/">Entstehungsprozess und seine Ergebnisse</a></strong> wurden über eine Homepage kommuniziert und dokumentiert.</p>



<p>Kunst wurde an drei verschiedenen Orten ins Gebäude implementiert.</p>



<p>Für die Aussenfassade entstanden an 5 verschiedenen Stellen Word Clouds.</p>



<p>Die Wörter für die Wortwolken wurden 2020 während der Covid-Kontaktbeschränkungen gesammelt. Mit Plakaten und Rundmails wurden Akteure der Schule aufgefordert über eine Onlineplattform je ein Nomen, Verb und Adjektiv einzusenden. Die eingereichten Worte wurden sortiert, fragmentiert und in geplantem Mauerwerksverband eingefügt. Rund 1.200 Formlinge wurden vor dem Brand entnommen, bestempelt, anschließend gebrannt und schließlich vermauert.</p>



<figure class="wp-block-image size-large"><img loading="lazy" decoding="async" width="1240" height="991" src="https://www.kurr.org/wp-content/uploads/2025/01/fassade-ausschnitt3-1240x991.jpg" alt="" class="wp-image-2116" srcset="https://www.kurr.org/wp-content/uploads/2025/01/fassade-ausschnitt3-1240x991.jpg 1240w, https://www.kurr.org/wp-content/uploads/2025/01/fassade-ausschnitt3-700x559.jpg 700w, https://www.kurr.org/wp-content/uploads/2025/01/fassade-ausschnitt3-768x614.jpg 768w, https://www.kurr.org/wp-content/uploads/2025/01/fassade-ausschnitt3-1536x1227.jpg 1536w, https://www.kurr.org/wp-content/uploads/2025/01/fassade-ausschnitt3-2048x1636.jpg 2048w" sizes="auto, (max-width: 1240px) 100vw, 1240px" /></figure>



<p class="has-text-align-right has-small-font-size"><em>Ausschnitt einer word cloud für die Fassade</em></p>



<p class="has-small-font-size"><strong>Links zu</strong>: <a href="https://www.privatziegelei-hebrok.de/referenzen/clay-schule-berlin-bil-4721" data-type="link" data-id="https://www.privatziegelei-hebrok.de/referenzen/clay-schule-berlin-bil-4721">Ziegelei Hebrok</a> / Film von <a href="https://vimeo.com/947376228">Theo Thiesmeier</a> / Gebäude <a href="https://www.staab-architekten.com/de/projects/498-clay-schule-berlin?t=project">Staab Architekten</a> / <a href="https://revolver-publishing.com/bezeichung.html">Buch</a> zum Projekt / Artikel von <a href="https://www.bauwelt.de/dl/2288541/58_bis_73_Praxis.pdf" data-type="link" data-id="https://www.bauwelt.de/dl/2288541/58_bis_73_Praxis.pdf">Bauwelt 21.2025</a></p>



<p></p>
