{"id":1692,"date":"2023-11-15T23:08:52","date_gmt":"2023-11-15T22:08:52","guid":{"rendered":"https:\/\/www.kurr.org\/?post_type=werk&#038;p=1692"},"modified":"2025-02-04T15:23:19","modified_gmt":"2025-02-04T14:23:19","slug":"arbeit","status":"publish","type":"werk","link":"https:\/\/www.kurr.org\/en\/werk\/arbeit\/","title":{"rendered":"\u00bf\u00a1ARBEIT!?"},"content":{"rendered":"\n<p><strong>\u201ealles ist ARBEIT ist alles<\/strong>\u201c<br>ist <strong>ein<\/strong><strong> Ausstellungsparcours in Oldenburg, <\/strong>initiiert von Bachelor- und Masterstudenten aus den Fachbereichen Museum und Ausstellung, Kunst, Kunst und Medien sowie Kunst und Medienwissenschaften der <strong>Carl-von-Ossietzky Universit\u00e4t<\/strong>.<\/p>\n\n\n\n<p>An mehreren kleinen Orten in der Oldenburger Innenstadt verbindet die Ausstellung verschiedene k\u00fcnstlerische und kulturwissenschaftliche Blicke auf das Thema \u201eArbeit\u201c zu einem Parcours.<br>Im Dialog mit Studenten und in Anlehnung an die Arbeitsbox-Aktion mit Zitaten beigesteuert von Otium Bremen, einer Initiative zur Rehabilitierung von Mu\u00dfe und M\u00fc\u00dfiggang, um bereits im Vorfeld mit Besuchern der Kantine in Dialog zu treten, reflektierte, kommentiert und \u00fcberzeichnete Stephan Kurr unterschiedliche Arbeitsbegriffe vor der Folie ihres Ausstellungsortes. <\/p>\n\n\n\n<p><strong>Unzumutbare Arbeit<\/strong><\/p>\n\n\n\n<p>Nur einen Tag lang hing die Grafik <strong>\u00bf\u00a1ARBEIT!?<\/strong> von Stephan Kurr, in der Kantine der \u00d6ffentlichen Versicherungen Oldenburg, am Lappan. <br>Um etwaigem Missfallen seitens der G\u00e4ste der Kantine vorzubeugen, forderte der Vorstand der \u00d6ffentlichen Versicherung Oldenburg die StudentInnen auf, die Grafik wieder zu entfernen.<br>Es wurde ihnen jedoch erlaubt, diese bei F\u00fchrungen durch die Ausstellung mitzuf\u00fchren und zu zeigen.<br>Zwischenzeitlich wurde <strong>\u00bf\u00a1ARBEIT!?<\/strong> in der Universit\u00e4t ausgestellt.<\/p>\n\n\n\n<p>Die Grafik \u201e\u00bf\u00a1ARBEIT!?\u201c im Format Din-A0 stand als kostenloser download auf der Homepage der Ausstellung zur Verf\u00fcgung.<\/p>\n","protected":false},"featured_media":0,"template":"","tags":[],"themen":[26,32,27,35],"class_list":["post-1692","werk","type-werk","status-publish","hentry","themen-oeffentlicher-raum","themen-oekonomie","themen-partizipation","themen-zeichnungen"],"acf":[],"_links":{"self":[{"href":"https:\/\/www.kurr.org\/en\/wp-json\/wp\/v2\/werk\/1692","targetHints":{"allow":["GET"]}}],"collection":[{"href":"https:\/\/www.kurr.org\/en\/wp-json\/wp\/v2\/werk"}],"about":[{"href":"https:\/\/www.kurr.org\/en\/wp-json\/wp\/v2\/types\/werk"}],"wp:attachment":[{"href":"https:\/\/www.kurr.org\/en\/wp-json\/wp\/v2\/media?parent=1692"}],"wp:term":[{"taxonomy":"post_tag","embeddable":true,"href":"https:\/\/www.kurr.org\/en\/wp-json\/wp\/v2\/tags?post=1692"},{"taxonomy":"themen","embeddable":true,"href":"https:\/\/www.kurr.org\/en\/wp-json\/wp\/v2\/themen?post=1692"}],"curies":[{"name":"wp","href":"https:\/\/api.w.org\/{rel}","templated":true}]}}

<p><strong>„alles ist ARBEIT ist alles</strong>“<br>ist <strong>ein</strong><strong> Ausstellungsparcours in Oldenburg, </strong>initiiert von Bachelor- und Masterstudenten aus den Fachbereichen Museum und Ausstellung, Kunst, Kunst und Medien sowie Kunst und Medienwissenschaften der <strong>Carl-von-Ossietzky Universität</strong>.</p>



<p>An mehreren kleinen Orten in der Oldenburger Innenstadt verbindet die Ausstellung verschiedene künstlerische und kulturwissenschaftliche Blicke auf das Thema „Arbeit“ zu einem Parcours.<br>Im Dialog mit Studenten und in Anlehnung an die Arbeitsbox-Aktion mit Zitaten beigesteuert von Otium Bremen, einer Initiative zur Rehabilitierung von Muße und Müßiggang, um bereits im Vorfeld mit Besuchern der Kantine in Dialog zu treten, reflektierte, kommentiert und überzeichnete Stephan Kurr unterschiedliche Arbeitsbegriffe vor der Folie ihres Ausstellungsortes. </p>



<p><strong>Unzumutbare Arbeit</strong></p>



<p>Nur einen Tag lang hing die Grafik <strong>¿¡ARBEIT!?</strong> von Stephan Kurr, in der Kantine der Öffentlichen Versicherungen Oldenburg, am Lappan. <br>Um etwaigem Missfallen seitens der Gäste der Kantine vorzubeugen, forderte der Vorstand der Öffentlichen Versicherung Oldenburg die StudentInnen auf, die Grafik wieder zu entfernen.<br>Es wurde ihnen jedoch erlaubt, diese bei Führungen durch die Ausstellung mitzuführen und zu zeigen.<br>Zwischenzeitlich wurde <strong>¿¡ARBEIT!?</strong> in der Universität ausgestellt.</p>



<p>Die Grafik „¿¡ARBEIT!?“ im Format Din-A0 stand als kostenloser download auf der Homepage der Ausstellung zur Verfügung.</p>
