{"id":102,"date":"2022-12-08T14:54:12","date_gmt":"2022-12-08T13:54:12","guid":{"rendered":"http:\/\/www.kurr.org\/2022\/?post_type=werk&#038;p=102"},"modified":"2023-07-13T12:19:03","modified_gmt":"2023-07-13T10:19:03","slug":"test-zwei","status":"publish","type":"werk","link":"https:\/\/www.kurr.org\/en\/werk\/test-zwei\/","title":{"rendered":"What you see is what you don\u2019t get"},"content":{"rendered":"\n<p>2018 feierte der Wettbewerb <a href=\"https:\/\/www.ngbk.de\/de\/programm\/kunst-im-untergrund-1958-2018\">Kunst im Untergrund<\/a> sein 60j\u00e4hriges Jubil\u00e4um. Was 1958 in der DDR mit dem Aufruf \u00bbPlakate f\u00fcr den Frieden\u00ab auf dem U-Bahnhof Alexanderplatz begann, findet bis heute seine Entsprechung im \u00f6ffentlichen Raum. Seit 1992 richtet die nGbK den internationalen Kunstwettbewerb aus. Die Ausstellungsreihe 2018 trug den Titel \u00bbPlakat politisch machen\u00ab und thematisierte die Verbindung zwischen Berlin-Hellersdorf als Au\u00dfenbezirk und Ende der Linie U5 und dem Alexanderplatz, damals Beginn der Linie U5 und gleichzeitig traditionellem Austragungsort des Wettbewerbs.<\/p>\n\n\n\n<p><em>\u00bbWhat you see is what you don\u2019t get\u00ab<\/em><br>Es gibt ein durchg\u00e4ngiges Motiv das f\u00fcr Stephan Kurr Anlass zum Fotografieren ist.<br>\u00dcberall im Stadtraum, in Berlin und anderswo, schieben sich Bilder vor das Auge und verdecken wie potemkinsche D\u00f6rfer Brachen, leere W\u00e4nde, ungel\u00f6ste urbane Situationen, Banales.<br>Jedes Plakat hat ein Versprechen, eine Forderung, einen Wunsch, dessen Erf\u00fcllung ungewiss ist.<br>Alle gew\u00e4hlten Motive befassen sich mit dem Versprechen auf meine Stadt, mein Leben, meine Mitte, Berlin (doch wem geh\u00f6rt die Stadt?):<\/p>\n\n\n\n<p>Zimmer, K\u00fcche, Bad<br>nur mit euch<br>meine Mitte<br>politisch motiviert<br>Mitte Party<br>potemkinsche Datsche<\/p>\n\n\n\n<p><\/p>\n\n\n\n<p><\/p>\n","protected":false},"featured_media":0,"template":"","tags":[],"themen":[36,26,32],"class_list":["post-102","werk","type-werk","status-publish","hentry","themen-fotografie","themen-oeffentlicher-raum","themen-oekonomie"],"acf":[],"_links":{"self":[{"href":"https:\/\/www.kurr.org\/en\/wp-json\/wp\/v2\/werk\/102","targetHints":{"allow":["GET"]}}],"collection":[{"href":"https:\/\/www.kurr.org\/en\/wp-json\/wp\/v2\/werk"}],"about":[{"href":"https:\/\/www.kurr.org\/en\/wp-json\/wp\/v2\/types\/werk"}],"wp:attachment":[{"href":"https:\/\/www.kurr.org\/en\/wp-json\/wp\/v2\/media?parent=102"}],"wp:term":[{"taxonomy":"post_tag","embeddable":true,"href":"https:\/\/www.kurr.org\/en\/wp-json\/wp\/v2\/tags?post=102"},{"taxonomy":"themen","embeddable":true,"href":"https:\/\/www.kurr.org\/en\/wp-json\/wp\/v2\/themen?post=102"}],"curies":[{"name":"wp","href":"https:\/\/api.w.org\/{rel}","templated":true}]}}

<p>2018 feierte der Wettbewerb <a href="https://www.ngbk.de/de/programm/kunst-im-untergrund-1958-2018">Kunst im Untergrund</a> sein 60jähriges Jubiläum. Was 1958 in der DDR mit dem Aufruf »Plakate für den Frieden« auf dem U-Bahnhof Alexanderplatz begann, findet bis heute seine Entsprechung im öffentlichen Raum. Seit 1992 richtet die nGbK den internationalen Kunstwettbewerb aus. Die Ausstellungsreihe 2018 trug den Titel »Plakat politisch machen« und thematisierte die Verbindung zwischen Berlin-Hellersdorf als Außenbezirk und Ende der Linie U5 und dem Alexanderplatz, damals Beginn der Linie U5 und gleichzeitig traditionellem Austragungsort des Wettbewerbs.</p>



<p><em>»What you see is what you don’t get«</em><br>Es gibt ein durchgängiges Motiv das für Stephan Kurr Anlass zum Fotografieren ist.<br>Überall im Stadtraum, in Berlin und anderswo, schieben sich Bilder vor das Auge und verdecken wie potemkinsche Dörfer Brachen, leere Wände, ungelöste urbane Situationen, Banales.<br>Jedes Plakat hat ein Versprechen, eine Forderung, einen Wunsch, dessen Erfüllung ungewiss ist.<br>Alle gewählten Motive befassen sich mit dem Versprechen auf meine Stadt, mein Leben, meine Mitte, Berlin (doch wem gehört die Stadt?):</p>



<p>Zimmer, Küche, Bad<br>nur mit euch<br>meine Mitte<br>politisch motiviert<br>Mitte Party<br>potemkinsche Datsche</p>



<p></p>



<p></p>
